git of w?
9
Suppose 0 = -2*j - 5*n - 0*n + 183, -j - 2*n = -94. What is the units digit of j?
4
Let j be (5 + -7)/((-4)/10). Let k = j + 0. Suppose 5*c + o - 14 = c, -c + k*o = 7. What is the units digit of c?
3
Let c(z) = -z**2 - 10*z - 5. Let k be c(-7). Suppose -l - l + 4 = 0. Suppose -i - l = -k. What is the units digit of i?
4
Let z = 18 + -18. Suppose -5*v = -4*n - 19 + 77, 5*n + 3*v - 91 = z. What is the tens digit of n?
1
Let a = -26 - -37. Let d(v) = v - 11. Let q be d(a). Let l = q + 14. What is the tens digit of l?
1
What is the units digit of (-78 - (3 - 2))*2/(-2)?
9
Let p(u) = 7*u - 7. Let f be p(5). Suppose -5*h = -h - f. What is the units digit of h?
7
Suppose 3*g - 698 = 4*x - 3*x, -5 = x. What is the tens digit of g?
3
Suppose 3*p + 4*w = 4 + 13, -3*p - w = -29. Suppose 0 = -4*t + 3*h - p, -4*t - 2*h + 11 = -3*t. What is the tens digit of 24*(t - (-3)/(-9))?
1
Let s = -6 - -8. Suppose -j - s*j - 36 = 0. What is the units digit of (-18)/j*(-1 - -7)?
9
Suppose 2*j + 5*i = -5 - 8, 0 = 4*i + 12. Let z be (2 - 2) + (j - -1). Suppose 4*h = -f + z, -f + 5*f + h = 8. What is the units digit of f?
2
Let f(h) = -h - 17. Let g be f(-8). Let i(o) = -o**3 - 10*o**2 - 13*o + 1. What is the tens digit of i(g)?
3
Suppose 0 = -3*w + 56 + 82. What is the units digit of w?
6
Suppose -14 = -3*y + 49. What is the units digit of (28/y)/(2/39)?
6
Let k(z) = -16*z**3 + z + 1. Let h be k(-1). Let t = h - -9. What is the units digit of t?
5
Let z(g) = g**3 - 5*g**2 + 3*g - 4. What is the units digit of z(6)?
0
Suppose -2*f = 3*y - 16, 0*f = -3*y + 4*f - 14. Suppose -y*a + 7 = -7. What is the units digit of a?
7
Let n = 14 - -49. What is the units digit of n?
3
Let o(h) = h**3 + 2*h**2 - h + 3. Suppose -2*r - 16 = -6*r + z, 0 = 2*z + 8. Let j be o(r). Suppose 10*l - j = 5*l. What is the units digit of l?
9
Let y = -1 + 6. Suppose -8 = -y*u + u. What is the units digit of u + -2 + -1 + 5?
4
Suppose 7*n - 6*n - 8 = 0. Suppose -u = -x + n - 3, -3*u + 6 = 4*x. What is the units digit of x?
3
Suppose -56 = -c - 3*c. Suppose -c = -3*j - 5*r, -4*j + 9 = 4*r - 15. What is the units digit of j?
8
Let d = 0 - -50. What is the units digit of d?
0
Let f(j) = 12*j - 3. Let l be f(2). Suppose 2*k + 10 = k. Let o = l + k. What is the tens digit of o?
1
Let l(y) = -y + 7. Let s be l(0). Let a(h) = -10 - h + 20 + s. What is the units digit of a(8)?
9
Let r = 21 + -16. Suppose 0 = r*l - 5*f - 210, 0*l = -3*l + 5*f + 120. What is the tens digit of l?
4
Suppose -326 + 1656 = 7*q. What is the hundreds digit of q?
1
Suppose 10*q + 300 = 11*q. What is the hundreds digit of q?
3
Let p(w) = 2*w**3 - w**2 - 2*w - 1. Suppose 0*f + f = 2. What is the units digit of p(f)?
7
Suppose 1 = 5*b - 9. Suppose -i + 36 = i - 4*q, -3*q = -b*i + 32. What is the tens digit of i?
1
Let o(q) = q**2 + 2*q - 10. What is the units digit of o(4)?
4
What is the units digit of 747/24 - (-3)/(-24)?
1
Let a = 17 - 8. Suppose 2*r = 4*z - 5 - a, -2*r + 3*z = 12. What is the units digit of ((-12)/8)/(r/16)?
8
Let k(x) = -x**2 + 13*x + 16. What is the units digit of k(12)?
8
Suppose -10*x = -6*x - 32. Let f(m) = -8*m**2 + 2. Let t be f(-2). What is the units digit of (t/8)/((-3)/x)?
0
Let y(b) = b**2 + 5*b. Let h be y(-6). What is the tens digit of h/(-15) + 224/10?
2
Let c be (2*3)/((-6)/(-8)). Suppose 0 = -3*m + m + c. What is the units digit of m?
4
What is the hundreds digit of 79/(1 + -1 - 1/(-4))?
3
Let s = 4 - 5. Suppose 2*f + 3 = -5*a + 5, -4*a = f - 4. Let y = a + s. What is the units digit of y?
1
Let g be 2 - (-6)/(2/(-2)). Let j be 8/6*(-714)/4. What is the units digit of g/(-22) - j/22?
1
What is the units digit of (-10 - 26)*3/(-4)?
7
Let l be (2/(-6))/(3/9). Let c = 8 + l. What is the units digit of c?
7
Let c(u) = u**3 - 4*u**2 - 3*u + 1. Let w be (5/3)/((-1)/(-3)). What is the units digit of c(w)?
1
Suppose c - 64 = -3*c. What is the tens digit of c?
1
What is the tens digit of (-4338)/(-45) + (-6)/(-10)?
9
Suppose -3*x - 12 = 0, 1 - 15 = -2*h + 2*x. What is the units digit of 7*h + (1 - -2)?
4
Let m(z) = 2*z + 12. Let d be m(-5). Let u = 27 - 17. Suppose 0 = d*l - u - 18. What is the tens digit of l?
1
Let d(v) = 16*v**2. Suppose 0*n = -2*n. Suppose -x + 2*x + 4 = n, 3*f - x = 1. What is the units digit of d(f)?
6
What is the tens digit of (-33)/2*20/(-15)?
2
Let r(h) = 6*h**2 + 2*h + 1. Let a = 3 - 5. What is the units digit of r(a)?
1
Suppose -3*p + 32 = -238. What is the tens digit of -1 - -2 - p/(-9)?
1
What is the tens digit of (16/24 - 764/(-6)) + 2?
3
Let s(h) = h + 14. Let z be s(-12). Suppose y + 2*i = 13, 0 = -z*y - 2*i - 3*i + 30. What is the units digit of y?
5
Let l(z) = z**2 + z - 5 - z. What is the units digit of l(4)?
1
Let b = 5 - 1. Let l = 7 - b. Suppose 0 = -q + l*h + 13, 5*q + h - 33 = -0*h. What is the units digit of q?
7
Suppose 0 = -5*w + 122 - 42. What is the units digit of w?
6
Let s = 525 - 228. What is the tens digit of s?
9
Suppose 0 = -j + 2*j + 24. Let d = -10 - j. Suppose 5 = -3*g + d. What is the units digit of g?
3
Let f(j) = -4*j + 1. Let v be f(-2). Let k = 16 - v. Suppose -3*g + 4*d - k + 32 = 0, -2*g - 4*d = -10. What is the units digit of g?
7
Let h(n) = 9 + 3*n**2 - 2*n**2 + 7*n + 0*n**2. What is the units digit of h(-6)?
3
Suppose 2*t = g - 6*g + 12, 0 = -5*g + 10. What is the tens digit of -3*((-48)/9 + t)?
1
Let w = 17 - 12. What is the units digit of w?
5
Let n(u) = -u**2 + u + 27. Let g be n(0). Let j = g - 2. What is the units digit of j?
5
Let l(z) = -z**3 - 3*z**2 - 6*z - 5. What is the units digit of l(-7)?
3
Let o(w) = w + 2. Let k be o(4). Let l(p) = 3*p - p**2 + 0 + k + p. What is the units digit of l(5)?
1
Let m = 29 - -24. Let r be m/(-3) - (-4)/(-12). Let f = r + 25. What is the units digit of f?
7
Let u = -17 + 68. What is the units digit of u?
1
Let q(b) = b**2 - 6*b + 3. Let c be q(5). What is the units digit of (10/3)/(c/(-9))?
5
Suppose -11 + 13 = q. What is the tens digit of q*13 + -2 + 4?
2
Suppose -3*d = t + 15, d = -t - t - 5. Let k be t*((-2)/(-3))/(-2). Suppose -7*z + 2*z + 20 = k, 4*a - z = 12. What is the units digit of a?
4
Let s be 0*(-1)/(-2)*1. Suppose -5*w = -b - 52, 3*w + s*w - 5*b - 18 = 0. What is the tens digit of w?
1
Let x be (-1)/((-1)/(4 - 0)). Suppose x*u + 54 = -g, -3*u + g - 47 = -10. Let q = u + 20. What is the units digit of q?
7
Let b(v) = -v**3 + 7*v**2 - 3. Suppose -c - 4*c = -r + 27, -4*c = 3*r - 5. Let p be b(r). Let u = 13 + p. What is the units digit of u?
0
Let c = -10 - -14. Suppose 4*x = -c*g + 3*x + 51, -62 = -5*g - 3*x. What is the tens digit of g?
1
Let a(z) = -z**3 + 9*z**2 + 11*z - 8. Let d = -20 - -10. Let b = 20 + d. What is the units digit of a(b)?
2
Let k = 47 + -21. Let d = 13 + k. What is the tens digit of d?
3
Let t be (24/16)/(2/(-28)). Let r = t - -34. What is the units digit of r?
3
Let g be (0 - (1 - 0))*0. Suppose 4*u - 7 + 3 = g. What is the tens digit of u*-10*(-1 - 0)?
1
Suppose -5*n + 50 = -3*u, 0 = -0*u + 4*u. Let w = 11 - n. Suppose 3*r = 2*r + w. What is the units digit of r?
1
Let f be 2/(-5) + 17/5. Suppose -5*z + 11 = -3*u - 17, 3*z = -f*u + 12. What is the units digit of z?
5
Suppose 0 = -f - 4*w - 13, 3*f + 2*w + 17 = w. Let v(s) = s**2 - 1. What is the units digit of v(f)?
4
Suppose 0 = g - 2 - 1. Let t(n) be the first derivative of n**3/3 - n**2/2 - 3*n + 5. What is the units digit of t(g)?
3
Let j(a) = a**3 - 5*a**2 - 7*a + 6. Let q be j(6). Suppose -2*y = 3*v - 10, -5 = -q*y - y - v. What is the units digit of y?
5
Suppose 3*m - 23 = -4*a, -2*a + 8 = -3*a + 2*m. Let t be (-2 - -2) + (-1 - -2). Let g = t + a. What is the units digit of g?
3
Let w(q) = -q**3 - 18*q**2 + 16*q + 45. What is the units digit of w(-19)?
2
Let y(i) be the third derivative of i**6/120 - i**5/10 + i**4/6 - i**3 + i**2. Let b be y(5). Let p = 8 - b. What is the tens digit of p?
1
Let r be (-160)/(-24)*3/2. Suppose -r = 4*h + 10, 150 = 5*j + 4*h. What is the tens digit of j?
3
Let g(y) = -y + 25. What is the tens digit of g(5)?
2
Suppose 6*w = -5*i + 2*w - 5, -3*w - 30 = -5*i. Suppose b = -3*r + 35, 16 = 4*r + i*b - 39. What is the units digit of r?
0
Let s(b) = 12*b - 52. What is the units digit of s(16)?
0
Suppose 2*k - 3*k + 18 = 0. Suppose 5*a - 5*m - 7 = 8, -2*a - m = -k. What is 